 digit of 55401471?
4
What is the billions digit of 1739640798?
1
What is the millions digit of 40878636?
0
What is the hundred millions digit of 1643035223?
6
What is the units digit of 76766472?
2
What is the millions digit of 122386719?
2
What is the hundred millions digit of 396125426?
3
What is the billions digit of 3883459919?
3
What is the thousands digit of 1860476531?
6
What is the tens digit of 470795971?
7
What is the thousands digit of 4958726586?
6
What is the thousands digit of 311162219?
2
What is the hundred thousands digit of 87418389?
4
What is the hundred millions digit of 1995833939?
9
What is the thousands digit of 5352846475?
6
What is the millions digit of 7609198?
7
What is the ten thousands digit of 155735438?
3
What is the hundred thousands digit of 338544115?
5
What is the units digit of 966994392?
2
What is the hundreds digit of 15285101?
1
What is the tens digit of 1176837829?
2
What is the hundreds digit of 861344049?
0
What is the millions digit of 47870542?
7
What is the hundreds digit of 82868356?
3
What is the hundred thousands digit of 380306493?
3
What is the tens digit of 15470373?
7
What is the units digit of 125625029?
9
What is the millions digit of 38102900?
8
What is the billions digit of 1160289218?
1
What is the units digit of 4635139775?
5
What is the hundred millions digit of 118503903?
1
What is the ten millions digit of 47146417?
4
What is the units digit of 4705071237?
7
What is the billions digit of 5371584639?
5
What is the hundred thousands digit of 471605159?
6
What is the tens digit of 1304617683?
8
What is the ten millions digit of 168653324?
6
What is the tens digit of 93005462?
6
What is the tens digit of 11117541?
4
What is the millions digit of 23859516?
3
What is the hundred millions digit of 5683421776?
6
What is the hundreds digit of 916294459?
4
What is the hundred millions digit of 2216749187?
2
What is the tens digit of 881031571?
7
What is the hundred thousands digit of 2789184?
7
What is the hundred thousands digit of 363115672?
1
What is the hundred thousands digit of 861111953?
1
What is the hundreds digit of 1858446397?
3
What is the ten thousands digit of 93388995?
8
What is the thousands digit of 545623534?
3
What is the millions digit of 376256383?
6
What is the thousands digit of 163836303?
6
What is the ten millions digit of 91646494?
9
What is the units digit of 27899493?
3
What is the tens digit of 1647015003?
0
What is the hundreds digit of 97737477?
4
What is the tens digit of 2348264001?
0
What is the ten millions digit of 690587851?
9
What is the tens digit of 580666176?
7
What is the units digit of 2897212651?
1
What is the thousands digit of 389309381?
9
What is the ten thousands digit of 318806363?
0
What is the ten millions digit of 159831127?
5
What is the tens digit of 1237874698?
9
What is the hundred thousands digit of 360979333?
9
What is the hundreds digit of 1051485150?
1
What is the thousands digit of 25822111?
2
What is the millions digit of 4748253802?
8
What is the ten thousands digit of 373972226?
7
What is the ten thousands digit of 474643130?
4
What is the ten thousands digit of 99114123?
1
What is the hundred thousands digit of 46462590?
4
What is the ten millions digit of 1439245182?
3
What is the ten millions digit of 11771953?
1
What is the ten thousands digit of 1290549918?
4
What is the ten thousands digit of 785342461?
4
What is the millions digit of 33124107?
3
What is the hundred millions digit of 280386731?
2
What is the tens digit of 89368880?
8
What is the ten millions digit of 2332235152?
3
What is the hundreds digit of 142360847?
8
What is the hundreds digit of 226754081?
0
What is the tens digit of 134722425?
2
What is the thousands digit of 167516151?
6
What is the hundreds digit of 574019041?
0
What is the thousands digit of 29754182?
4
What is the tens digit of 879652527?
2
What is the hundred thousands digit of 629134019?
1
What is the millions digit of 1503927108?
3
What is the ten thousands digit of 545004099?
0
What is the hundred thousands digit of 9954674?
9
What is the hundreds digit of 1038779244?
2
What is the hundreds digit of 12654525?
5
What is the ten thousands digit of 199728281?
2
What is the hundred thousands digit of 1452694180?
6
What is the ten thousands digit of 502778352?
7
What is the millions digit of 1084102725?
4
What is the hundred thousands digit of 162758504?
7
What is the ten millions digit of 1250607265?
5
What is the tens digit of 35594877?
7
What is the hundred thousands digit of 17684033?
6
What is the hundred millions digit of 1137561546?
1
What is the hundreds digit of 4658353701?
7
What is the hundreds digit of 765688295?
2
What is the thousands digit of 117760436?
0
What is the hundreds digit of 965737337?
3
What is the ten thousands digit of 3771078075?
7
What is the hundreds digit of 65455807?
8
What is the ten millions digit of 5200875357?
0
What is the units digit of 132044679?
9
What is the millions digit of 44927321?
4
What is the units digit of 182262441?
1
What is the hundred thousands digit of 49289723?
2
What is the ten millions digit of 323530187?
2
What is the units digit of 752568296?
6
What is the tens digit of 1972436?
3
What is the millions digit of 296963553?
6
What is the hundreds digit of 84287798?
7
What is the thousands digit of 194819344?
9
What is the millions digit of 2543637725?
3
What is the thousands digit of 93596801?
6
What is the ten millions digit of 49012439?
4
What is the hundreds digit of 193901667?
6
What is the hundreds digit of 296848057?
0
What is the thousands digit of 955852?
5
What is the ten millions digit of 61032310?
6
What is the hundreds digit of 951025155?
1
What is the ten millions digit of 2054719871?
5
What is the ten thousands digit of 7479131266?
3
What is the hundred millions digit of 2858820488?
8
What is the tens digit of 814330828?
2
What is the millions digit of 2337490786?
7
What is the thousands digit of 198760075?
0
What is the hundred thousands digit of 4761979453?
9
What is the thousands digit of 44506313?
6
What is the millions digit of 50925232?
0
What is the ten millions digit of 33216619?
3
What is the tens digit of 20501326?
2
What is the tens digit of 930027423?
2
What is the hundred thousands digit of 99222295?
2
What is the ten thousands digit of 54962662?
6
What is the units digit of 167308246?
6
What is the millions digit of 513637751?
3
What is the ten thousands digit of 40873878?
7
What is the ten thousands digit of 1333059714?
5
What is the thousands digit of 26304484?
4
What is the hundred millions digit of 2921311179?
9
What is the hundreds digit of 10759777?
7
What is the thousands digit of 22869382?
9
What is the units digit of 61451225?
5
What is the thousands digit of 920038986?
8
What is the units digit of 1085867945?
5
What is the hundreds digit of 197834683?
6
What is the hundreds digit of 78400865?
8
What is the thousands digit of 161049973?
9
What is the tens digit of 941041129?
2
What is the millions digit of 291186575?
1
What is the hundred millions digit of 2169496404?
1
What is the tens digit of 1227244986?
8
What is the units digit of 5195533?
3
What is the ten millions digit of 1202887778?
0
What is the units digit of 4863945?
5
What is the units digit of 265553584?
4
What is the hundreds digit of 2486986588?
5
What is the units digit of 287603424?
4
What is the hundred thousands digit of 365439765?
4
What is the thousands digit of 4863967755?
7
What is the millions digit of 5093142555?
3
What is the tens digit of 197792588?
8
What is the millions digit of 1619735930?
9
What is the ten millions digit of 446353356?
4
What is the thousands digit of 1509032343?
2
What is the tens digit of 42494523?
2
What is the units digit of 71974965?
5
What is the ten thousands digit of 2352320251?
2
What is the thousands digit of 450362320?
2
What is the units digit of 32932254?
4
What is the ten millions digit of 1279735780?
7
What is the ten millions digit of 292697611?
9
What is the tens digit of 76594959?
5
What is the units digit of 153879570?
0
What is the ten millions digit of 685174500?
8
What is the units digit of 120739944?
4
What is the ten millions digit of 307875764?
0
What is the hundred thousands d